 3*q = 1108 - 113. List the prime factors of j.
2, 31
Let h(n) be the third derivative of -n**5/60 - 11*n**4/24 + 11*n**3/6 + 3*n**2. List the prime factors of h(-8).
5, 7
Let l(n) = n**3 - 7*n**2 - 4*n - 19. Let m be l(8). Let u = 17 - m. Suppose -2*v = -5*d + 2*v + 206, -u*d - 4*v = -136. What are the prime factors of d?
2, 19
Let j = -11 + 13. Suppose -j*q + 81 = 5*l - 24, 0 = -q - l + 51. What are the prime factors of q/4 - (-3)/6?
13
List the prime factors of 1060/6 + ((-124)/(-12) - 9).
2, 89
Suppose o - 5 = 4*z - 3*z, 5*o - 10 = 2*z. Suppose -3*w + 29 = -v, -w + v - 6 + 19 = o. List the prime factors of w.
2
Let y(p) = 431*p - 67. List the prime factors of y(9).
2, 953
Let v(m) = 3*m**3 + 3*m**2 + m - 6. Let l be v(3). Let f be (2 + -4)*(-28)/(-1). Let y = l + f. What are the prime factors of y?
7
Let v be (-2 - -1) + 3 - -1. Suppose -v*q = q - 124. Let d = 9 + q. List the prime factors of d.
2, 5
Let v(c) = -20*c + 11. Let r(g) = 19*g - 11. Let o(a) = 6*r(a) + 5*v(a). What are the prime factors of o(5)?
59
Suppose 5*w + 4 = -186. Let l = -32 - w. Suppose 2*c = l*g - g + 62, c - 37 = 4*g. List the prime factors of c.
3, 7
Suppose 2*o - o + 5 = 0, -2*w = o - 5. Suppose -3*k + 23 = v, -4*v - 2*k + w*k + 47 = 0. Suppose 10 = 3*p - v. List the prime factors of p.
2
Let t(h) = 338*h**2 - 6*h - 1. What are the prime factors of t(-3)?
7, 19, 23
Let g(n) = -n**3 + 15*n**2 + 161*n - 20. What are the prime factors of g(18)?
2, 953
Suppose -k = -5, k - 1 = b - 4. Let y(j) = 3*j**2 - 11*j + 2. What are the prime factors of y(b)?
2, 53
Let d(i) = -45*i**3 + i**2. Let k(j) = -6*j + 10. Let o be k(4). Let f be ((-1)/4)/(o/(-56)). What are the prime factors of d(f)?
2, 23
Suppose 0 = 4*x + t - 15, -5*x + 3 = -0*t - 4*t. Suppose 4*j - 5*c = 207, 0 = 2*j - 7*j + x*c + 249. What are the prime factors of j?
2, 3
Let x(c) = c + 4*c - c + 2*c**2 - 2 - c - 3*c**3. Let z be x(-2). Let h = z - 15. List the prime factors of h.
3
List the prime factors of ((-41448)/(-9))/(-11)*(-6)/4.
2, 157
Let h be ((-2)/(-3))/((-15)/9 - -2). Suppose -h*k - 3*k + 175 = 0. List the prime factors of k.
5, 7
Suppose 4*n - 4 = -w + 2*n, -14 = -3*w - 5*n. Let o(m) be the first derivative of m**4/4 - 7*m**3/3 - 5*m**2/2 - 11*m + 1. List the prime factors of o(w).
13
Let h be (-2)/(-5) - -1*(-652)/5. Let q = -49 - h. List the prime factors of q.
3
What are the prime factors of -17 - -7 - (-11 + -6241)?
2, 3121
Let h = -7 - -9. Let o(i) = -h - 5 + 6 - i - 7. What are the prime factors of o(-11)?
3
Let x(v) = -v**3 - 2*v**2 - 5. Let c be x(-3). Suppose -210 = -c*k + k. List the prime factors of k.
2, 5, 7
Let f be 17/(-51) + (-710)/(-6). What are the prime factors of (f/(-10))/((-1)/5)?
59
Let s(a) = 7*a - 5. Let w(o) = 36*o - 24. Let x(p) = 21*s(p) - 4*w(p). Let g be 9 - -1 - (2 + 0). What are the prime factors of x(g)?
3, 5
Let g = -34 + 67. Suppose -8*j + 48 = 24. Suppose -4*f - 4*t = 0, -3*f - 3 = -j*t - g. List the prime factors of f.
5
Let g be -9*1/(-9)*3. Let q be 470/g + 7/21. Suppose -q = 4*c - 393. What are the prime factors of c?
59
Suppose -n + a = 2*a - 259, 3*n + a = 783. What are the prime factors of n?
2, 131
List the prime factors of 143864/168 - 4/3.
3, 5, 19
Suppose -16 = 4*c, -3*x + 73 = c - 5*c. Suppose -k + x = 39. List the prime factors of (-32)/(-4 + (-72)/k).
2, 5
Let r = 15 + -10. Let s(a) = -9 + 34 + 4*a**3 - 5*a - 18 - 4*a**2 - 3*a**3. What are the prime factors of s(r)?
7
Let p(n) = -13*n**2 + 10. Let s be p(9). List the prime factors of (-16)/(-88) - s/11.
5, 19
Suppose 5*a + 12 = c - 31, -3*c = -5*a - 39. Let s = 13 + a. Suppose 0 = 3*l + 4*j - 34, 3*l + j + s = 44. What are the prime factors of l?
2, 7
Let p(l) be the first derivative of l**3/3 - 4*l**2 - 20*l - 1. Let g be p(11). Let w = 17 - g. What are the prime factors of w?
2
Let b(o) = -3*o - 5. Let l be b(-5). Let i = l + 1. Let j = i + 29. List the prime factors of j.
2, 5
Suppose -8*h + 336 = -0*h. List the prime factors of 15/(-2)*h/(-35).
3
Let z be (-33)/18 + 3/(-18). What are the prime factors of 12*((-20)/(-8) + z)?
2, 3
Suppose -2*k = 5*w - 250, 0*k - 4*k = 5*w - 480. What are the prime factors of k?
5, 23
Suppose 3 = 3*r + 2*f + 7, 5*r + 10 = -4*f. Suppose -5*k - 3*v = -176, -r*k + 64 = -4*v + 2*v. What are the prime factors of k?
2, 17
Let u(x) = 264*x + 127. List the prime factors of u(5).
1447
Let d be (3 - 2)*4 + -1. Let w = 10 - d. Suppose -8*h = -w*h - 46. List the prime factors of h.
2, 23
Let f be (-418)/(-4) + 2/(-4). Let x = -68 + f. Suppose 0 = -3*r + 3*o + x, r + 0*r - 5*o + 4 = 0. What are the prime factors of r?
2
Let v(x) be the third derivative of -x**5/15 - 5*x**4/12 - 2*x**3/3 + 7*x**2. Let o(h) be the first derivative of v(h). What are the prime factors of o(-8)?
2, 3
List the prime factors of (-46)/(-23) - (-1 + -124).
127
Let h be (-1 - 0)/(-4) + (-815)/(-4). Suppose -h = 25*r - 26*r. What are the prime factors of r?
2, 3, 17
Suppose -f = -2*a - 202, 2*a - 69 = -f + 117. List the prime factors of f.
2, 97
Let a = -1003 + 1237. What are the prime factors of a?
2, 3, 13
Let g = -40 - -37. List the prime factors of g*(142/(-6) + -2).
7, 11
Suppose -7*p + 17*p - 12510 = 0. List the prime factors of p.
3, 139
Let y be (2/6)/((-9)/27). Let w = 9 - y. What are the prime factors of w?
2, 5
Let g(d) = 3*d + 12. Let a be g(2). List the prime factors of a/(-8)*78*4/(-6).
3, 13
Suppose 0 = 8*j - 7*j - 336. Suppose -12*t + 6*t = -j. List the prime factors of t.
2, 7
Suppose -11089 = -192*y + 179*y. What are the prime factors of y?
853
Suppose -2*f = -144 + 32. Let c(b) = b**2 - b + 6. Let p be c(0). Suppose 0 = -2*x + p*x - f. List the prime factors of x.
2, 7
Let b = 388 - -22. What are the prime factors of b?
2, 5, 41
Let z(g) = -g - 5. Let h be z(-7). Suppose 2*r - 140 = v + v, -h*v - 213 = -3*r. What are the prime factors of r?
73
Let n(d) = 16*d - 62. Let y be n(4). List the prime factors of (y + 1)/((-6 - 0)/(-420)).
2, 3, 5, 7
Let f(p) = p**2 + 9*p + 35. What are the prime factors of f(-17)?
3, 19
Let o be ((-1620)/(-24))/(-27)*24/(-10). Let t = -15 + 45. Suppose -o*y = -5*y - t. What are the prime factors of y?
2, 3, 5
Let h(q) = -12*q**2 + 1. Let z be h(1). Let i(u) = -u**2 - 10*u + 9. Let c be i(z). List the prime factors of ((-4)/1)/(1/c).
2
Let k be -1 + 0 + (-112)/(-4). Let r = k + 23. List the prime factors of r.
2, 5
Suppose 5*p - 500 = -2*g, -3*p - 2*g - 300 = -6*p. List the prime factors of p.
2, 5
Suppose -3*c - c + 4*q - 1032 = 0, 0 = 4*q + 4. What are the prime factors of c/(4/4*-1)?
7, 37
Let m = -12 - -14. Suppose 0 = 5*b + m*v - 42 - 16, 2*v = b - 2. Suppose -w = w - b. What are the prime factors of w?
5
Let q(i) = -i**2 + 6 - 52*i + 1 + 41*i. What are the prime factors of q(-8)?
31
Let u(i) = -i**2 - 5*i + 4. Let j be 1 + (-8)/10 - 576/180. List the prime factors of u(j).
2, 5
What are the prime factors of ((-51)/2)/(4/(4848/(-9)))?
2, 17, 101
Let q be (-28)/6*(-72)/(-28). Let o = -8 - q. List the prime factors of o.
2
Suppose f - 5 = -2*d, f - 3*f + d = 0. Let i be -2 + 10 + f + -5. What are the prime factors of i/20 + 327/15?
2, 11
What are the prime factors of (2/6)/(-1 + 6160/6159)?
2053
Let m = -1185 + 1650. What are the prime factors of m?
3, 5, 31
Suppose 3*c + 20 = 7*c. Let j = 14 - c. What are the prime factors of j?
3
Let y(i) = 5*i**2 - i - 1. Let b = 1 + -4. What are the prime factors of y(b)?
47
Let u be 945/5 + (7 - 2). Let k = u + -52. List the prime factors of k.
2, 71
Let l = -2 - -9. Suppose -3*s + 3*x - 3 = 0, 5*s - 13 = -3*x - 50. Let g = l + s. What are the prime factors of g?
2
Let x = -852 - -852. Let g(u) = 0*u**2 - u**2 + u**3 + 29 - u + 22. What are the prime factors of g(x)?
3, 17
Suppose 0 = v + 4*c - 54, v = 4*v + c - 118. What are the prime factors of v?
2, 19
Let w(b) = -b - 2. Let i be w(0). Suppose 0 = -2*c - 58 - 30. List the prime factors of ((-7)/i)/(-7)*c.
2, 11
Suppose k - 584 - 189 = 4*u, k - u = 761. List the prime factors of k.
757
Let y be (-2)/(1 - 24/22). Let i = 10 - y. Let x = i + 38. List the prime factors of x.
2, 13
Let s(x) = -x**3 - 13*x - 4. List the prime factors of s(-5).
2, 3, 31
Suppose 4*p = 5*o + 3056, -o + 3080 = -0*p + 4*p. List the prime factors of p.
769
Let m(r) = r**3 + 6*r**2 + r + 8. Let